t the prime factors of b.
17
Suppose 51*v - 5 = 56*v, -v = 3*q - 17264. List the prime factors of q.
5, 1151
Suppose -7*z = -4*z + 24. Suppose -414 = -24*j + 786. Let g = z + j. List the prime factors of g.
2, 3, 7
Let c be ((-25)/50)/((1 + 2)/(-282)). Suppose 2*q - 2654 = 3*h + c, -3*h + 5357 = 4*q. List the prime factors of q.
17, 79
Let h be (-25)/5 - (-3 - -6)*-1. List the prime factors of 23265/63 - h/(-7).
3, 41
Let h be 0/((-9)/(-3)) + 21. Let m be 3 + (-19851)/h - 6/(-21). What are the prime factors of (6/(-5))/6 + m/(-10)?
2, 47
Let t(k) = -k**3 - 16*k**2 - 23*k + 30. Let a be t(-15). Suppose -99 = 3*d + 147. Let g = a + d. What are the prime factors of g?
2, 17
Let j(y) = -36089*y + 783. What are the prime factors of j(-1)?
2, 11, 419
Suppose -195910 = -24*f - 69*f + 28*f. List the prime factors of f.
2, 11, 137
Let c = 27 - 24. Suppose -n + 2*v = -378, -2*v + c*v = -3*n + 1148. What are the prime factors of n?
2, 191
Suppose 0 = -3*a + 12, -4*g + 5*a + 69798 = -52454. What are the prime factors of g?
2, 3821
Suppose -15 + 26 = -g + 4*f, 2*f = g + 5. What are the prime factors of 184/((7/(-21))/(-2 + g))?
2, 3, 23
Suppose -3*c = -12, u + 4*c = -u + 4. Let s(x) = -28*x - 25. Let k be s(u). Let p = k - 34. What are the prime factors of p?
109
Let m(b) = -3*b**3 - 2*b**2 - 43*b - 13. Let x(f) = 6*f**3 + 4*f**2 + 87*f + 27. Let n(w) = 13*m(w) + 6*x(w). List the prime factors of n(-5).
503
Let n(j) = 99*j + 22. Let c(f) = -2*f - 1. Let m(d) = -6*c(d) - n(d). What are the prime factors of m(-4)?
2, 83
Let s = 182565 + -118956. What are the prime factors of s?
3, 7, 13, 233
Let y = 57 + -42. Let w(m) = 12*m + 4 + m**2 - 5 + 7 + y. What are the prime factors of w(-17)?
2, 53
Let v = -9284 - -15944. List the prime factors of v.
2, 3, 5, 37
Let j(u) = -u**2 - 2*u + 11. Let c(h) = 9*h + 56. Let f be c(-6). Let v be j(f). Suppose 7 = b - 4*l, 0*b + v*l = -2*b + 25. What are the prime factors of b?
11
Suppose b - 50 = 4*x, 0 = 4*b - 2*x - 42 - 88. Suppose -14325 = -b*l + 5*l. List the prime factors of l.
3, 191
Let j(x) = 4*x + 21. Let d = 59 + -63. Let s be j(d). Suppose -11*i + 702 = -s*i. List the prime factors of i.
3, 13
Let h(z) = -4007*z + 1218. What are the prime factors of h(-2)?
2, 577
Suppose 0 = n - 0*n - 16. Let a be (12/n)/((-3)/(-20)). Suppose i + 472 = a*f, 0 = -0*f + f + 5*i - 84. What are the prime factors of f?
2, 47
Let a(z) = 4*z - 10. Let c be a(3). Suppose 3*v - c - 499 = 0. Let d = v + -86. What are the prime factors of d?
3
Let s = 321 + -104. Suppose -4*a + 471 = 3*p - 0*p, -4*a + 2*p = -486. Let i = s - a. What are the prime factors of i?
97
Let n be (1 - (-3)/2)/((-60)/(-120)). Suppose -n*z + q = -5639, 4*z - 5224 = 3*q - 704. What are the prime factors of z?
7, 23
Let u = 4859 + 9793. What are the prime factors of u?
2, 3, 11, 37
Let m = 15 + -13. Suppose -2*f = 3*j - 2*j - 298, 2*j = -m*f + 598. Suppose y = 3*w - w - 285, -2*w - 2*y + j = 0. What are the prime factors of w?
5, 29
Suppose -b + 0*b = -4. Suppose -b*u - 672 = 2024. Let h = -438 - u. List the prime factors of h.
2, 59
Let c(x) be the second derivative of x**4/6 - 2*x**3 + 43*x**2/2 - 213*x. What are the prime factors of c(32)?
3, 569
Let t = -461 + 467. Suppose t*o + 17*o = 552. What are the prime factors of o?
2, 3
Let q = -802 - -806. Suppose -q*f + 6331 = -m, -4*f + 281 = -4*m - 6047. What are the prime factors of f?
1583
Let w be (1107/(-6))/(24/(-128)). Let r = -590 + w. What are the prime factors of r?
2, 197
Let v be (-22)/(-4) + 1/(-2). Let z = 3078 - 3078. Suppose -f = v*w - 9 - 19, -4*f - 2*w + 22 = z. What are the prime factors of f?
3
Let h be ((28/(-5))/(-2) + -4)*-10. List the prime factors of ((-38)/4)/(h/(-168)).
7, 19
Let r(h) = 223*h**2 + 5*h + 6. Suppose a + 12*a - 65 = 0. Suppose -a*u + 29 = -4*v, u = 3 + 2. What are the prime factors of r(v)?
2, 7
Suppose 253500 = 5*j + 5*a, -12*j + 14*j = 6*a + 101440. What are the prime factors of j?
5, 10141
Let a = 58 - 71. Let m(d) = -3*d - 6. Let p be m(a). Suppose 31*i + 284 = p*i. What are the prime factors of i?
2, 71
Let z = 5819 - 3436. Suppose z*h = 2377*h + 6978. List the prime factors of h.
1163
Suppose 5*w + 2817 = -2*d, -d - 3*d - 5*w = 5629. Let t = -965 - d. What are the prime factors of t?
3, 7
Let u = 586 + 35. What are the prime factors of (1*-6)/((-9)/u)?
2, 3, 23
Let i(b) = b**2 - 4*b - 5. Suppose 4*y = -4*f - 4, -2*y + 3*f = -y + 17. Let z be (-2)/(-4)*(3 + y) + 12. What are the prime factors of i(z)?
2, 3
Let c be ((-10)/6)/(325/(-1170)). Suppose 10*i + 840 = 4*a + c*i, -4*a - 3*i = -826. List the prime factors of a.
2, 13
Let h(c) = 5*c**2 + 4*c + 6. Suppose 17*p = 19*p - 18. Suppose 5*d = 4*f - p + 1, 5*f + 19 = -d. List the prime factors of h(d).
2, 5, 7
Let n = -1478 - -701. What are the prime factors of 1/(-4 + 1 - 2334/n)?
7, 37
Let x = -3930 + 8932. List the prime factors of x.
2, 41, 61
Let k(o) be the third derivative of -o**5/60 + o**4/3 - 3*o**3/2 - 6*o**2. Let i be k(7). List the prime factors of (-190)/19*1/i.
5
What are the prime factors of 46/(-69) - 122434/(-6)?
5, 7, 11, 53
Suppose -21 = 2*w + 5*q, -12 = -w + q + q. Suppose k + r - 23 = -2*k, -20 = -w*k + 4*r. List the prime factors of 1 + 734/k - 20/(-80).
3, 31
Let u(z) = -z**2 + 3*z + 1. Let q be u(8). Let s = q + 25. Let v = s - -31. What are the prime factors of v?
17
Suppose -1571 = -6*n + 6733. Suppose 43*j - n = 39*j. List the prime factors of j.
2, 173
Let o(s) = 17445*s + 377. What are the prime factors of o(4)?
70157
Let s = -116 + 25. Let i = 19 - s. Suppose -u + i = -16. What are the prime factors of u?
2, 3, 7
Suppose -2*k = -2*i - 9 - 17, 2*k + i = 29. Suppose k*s - 11359 - 12161 = 0. What are the prime factors of s?
2, 3, 5, 7
Let y(i) be the first derivative of i**4/4 + 19*i**3/3 + 8*i**2 - 8*i + 66. List the prime factors of y(-17).
2, 149
Let y be (217/(-14))/((-1)/2). Suppose 4 = 35*o - y*o. Let g(x) = 239*x + 2. What are the prime factors of g(o)?
241
Let o = -2052 - -7371. List the prime factors of o.
3, 197
Let l(z) = z + 9. Let t be l(-9). Suppose t = 3*x - c - 61, 15 = x + 2*c + 3*c. List the prime factors of (-213)/(-4) - (65/x - 3).
53
Let t = 53 - 45. Let y = t - -1. Suppose z - y = -0*z. List the prime factors of z.
3
Suppose 0 = -27*a + 310532 + 25591. What are the prime factors of a?
59, 211
Suppose 3*n + n + 1736 = 0. Let w(k) = -2*k**2 + 34*k + 83. Let y be w(19). What are the prime factors of ((-6)/4)/((147/n)/y)?
31
Suppose -17045 = -s + 21*i - 23*i, 5*s - 2*i = 85261. List the prime factors of s.
17, 59
Suppose 136*v - 4 = 137*v, 0 = -2*g + 3*v + 62608. List the prime factors of g.
2, 15649
Let t(v) = -4*v**2 + 69*v - 17. Let u be t(17). Let m be 1144/(-10) + (-4)/(-10). List the prime factors of (-5)/(10/m) + u.
3, 19
Let r(u) = u**2 - 15*u + 5. Let y be r(15). Suppose 3*a = -5*n + 1351, -y*n + 1772 = -4*a + 435. List the prime factors of n.
269
Let w(a) = 67*a - 8. Let k be w(-1). Let u be (120/50)/(2/k). Let h = u + 327. List the prime factors of h.
3, 79
List the prime factors of (196/(-5))/(-5 + (-19107)/(-3825)).
2, 5, 7, 17
Let f = 15 - -698. Suppose -5*q + f = -147. List the prime factors of q.
2, 43
Let l(s) = -26*s**3 + 5*s**2 + 6*s + 5. Suppose 3*n + 154 = 142. List the prime factors of l(n).
3, 5, 23
Let g(i) = 12*i + 137. Let o(u) = 2*u + 27. Let n(d) = -2*g(d) + 11*o(d). List the prime factors of n(-7).
37
Let m be (-4)/(-26) + (6/(-13))/3. Suppose 5*p = 5 - m. Suppose -p = 6*w - 187. List the prime factors of w.
31
Let r = 48590 - 17965. List the prime factors of r.
5, 7
Let n = 5234 + -2849. What are the prime factors of n?
3, 5, 53
Let h(j) = -j**3 + 2*j**2 + 3*j + 1. Let b be h(-4). Suppose y - b = -0*y. Let p = -5 + y. List the prime factors of p.
2, 5
Let c(t) = 3*t**3 - 179*t**2 - 150*t - 506. List the prime factors of c(65).
2, 7
Suppose -9*d = -12*d - 5*i + 284, -5*i = 25. Let j = 145 - d. What are the prime factors of j?
2, 3, 7
Suppose 5*q - 5*h = 18165, 0 = -3*q + 8*q - h - 18161. What are the prime factors of q?
2, 227
Suppose 110844 = 37*w - 57691. List the prime factors of w.
5, 911
Suppose 7*y = 12*y - 20. Let t(n) = 3*n**3 - 11*n**2 + 5*n + 7. What are the prime factors of t(y)?
43
Suppose 2*l = 4*l - 11695 - 5347. List the prime factors 